digit of 40077661?
6
What is the thousands digit of 110604010?
4
What is the millions digit of 1090226493?
0
What is the hundred millions digit of 205762850?
2
What is the ten thousands digit of 564245652?
4
What is the millions digit of 229965374?
9
What is the tens digit of 1851781357?
5
What is the ten millions digit of 175244890?
7
What is the ten millions digit of 200217696?
0
What is the units digit of 329862195?
5
What is the hundreds digit of 105789426?
4
What is the ten thousands digit of 275572992?
7
What is the ten millions digit of 2845707955?
4
What is the ten thousands digit of 6211676620?
7
What is the thousands digit of 33384439?
4
What is the tens digit of 42099073?
7
What is the tens digit of 91198332?
3
What is the ten thousands digit of 96448282?
4
What is the millions digit of 451217223?
1
What is the hundreds digit of 129730453?
4
What is the hundred millions digit of 2843766559?
8
What is the millions digit of 6952249420?
2
What is the units digit of 21957210?
0
What is the ten thousands digit of 492436997?
3
What is the tens digit of 33212828?
2
What is the ten millions digit of 841645130?
4
What is the tens digit of 3741948553?
5
What is the hundred millions digit of 6545459333?
5
What is the millions digit of 234969323?
4
What is the millions digit of 109379272?
9
What is the ten millions digit of 664666757?
6
What is the tens digit of 94544959?
5
What is the millions digit of 44250237?
4
What is the hundred millions digit of 301073585?
3
What is the hundred thousands digit of 672217655?
2
What is the tens digit of 1928075915?
1
What is the units digit of 2605038530?
0
What is the hundred millions digit of 147988864?
1
What is the hundreds digit of 836501130?
1
What is the ten millions digit of 32791645?
3
What is the hundred thousands digit of 204152938?
1
What is the hundred millions digit of 247117508?
2
What is the hundred thousands digit of 1940124712?
1
What is the millions digit of 4095089814?
5
What is the tens digit of 504922555?
5
What is the hundred thousands digit of 17249302?
2
What is the thousands digit of 23977255?
7
What is the hundreds digit of 220613418?
4
What is the hundreds digit of 5727804?
8
What is the ten thousands digit of 48997842?
9
What is the thousands digit of 38222517?
2
What is the thousands digit of 269301075?
1
What is the hundred millions digit of 109378264?
1
What is the millions digit of 298938166?
8
What is the hundreds digit of 124035434?
4
What is the hundred thousands digit of 48768015?
7
What is the tens digit of 4450486152?
5
What is the thousands digit of 31193265?
3
What is the millions digit of 601894345?
1
What is the units digit of 45030963?
3
What is the hundreds digit of 147756095?
0
What is the millions digit of 21760509?
1
What is the tens digit of 163701997?
9
What is the hundreds digit of 7111651470?
4
What is the ten millions digit of 492129300?
9
What is the units digit of 38945427?
7
What is the millions digit of 1423219478?
3
What is the ten millions digit of 17795683?
1
What is the thousands digit of 34651026?
1
What is the millions digit of 27825959?
7
What is the ten thousands digit of 85207704?
0
What is the hundred millions digit of 3378264863?
3
What is the hundred millions digit of 785264576?
7
What is the ten thousands digit of 182109156?
0
What is the hundreds digit of 538223364?
3
What is the ten millions digit of 1536034276?
3
What is the ten thousands digit of 1473622?
7
What is the tens digit of 226082493?
9
What is the hundreds digit of 281970117?
1
What is the hundred thousands digit of 1687092?
6
What is the hundreds digit of 43601554?
5
What is the hundred millions digit of 117503234?
1
What is the tens digit of 416714911?
1
What is the ten thousands digit of 784720005?
2
What is the hundred thousands digit of 51117416?
1
What is the hundreds digit of 18003983?
9
What is the ten thousands digit of 18682957?
8
What is the thousands digit of 203436129?
6
What is the thousands digit of 4914959973?
9
What is the tens digit of 100475547?
4
What is the hundreds digit of 64219468?
4
What is the hundreds digit of 270247047?
0
What is the millions digit of 2365233?
2
What is the ten thousands digit of 668732544?
3
What is the units digit of 56275454?
4
What is the hundred thousands digit of 140610569?
6
What is the hundreds digit of 94528132?
1
What is the hundred thousands digit of 16875214?
8
What is the hundred thousands digit of 18608439?
6
What is the hundreds digit of 504414519?
5
What is the millions digit of 1173352678?
3
What is the billions digit of 2064462455?
2
What is the hundred thousands digit of 1493733661?
7
What is the ten millions digit of 102824733?
0
What is the thousands digit of 72912637?
2
What is the millions digit of 45262392?
5
What is the millions digit of 11154842?
1
What is the ten thousands digit of 1430320920?
2
What is the hundreds digit of 302719069?
0
What is the ten thousands digit of 175324377?
2
What is the hundred thousands digit of 84602949?
6
What is the hundred millions digit of 568980039?
5
What is the hundred thousands digit of 118052271?
0
What is the tens digit of 116903944?
4
What is the billions digit of 1711199146?
1
What is the tens digit of 186068371?
7
What is the millions digit of 571803423?
1
What is the hundreds digit of 94759173?
1
What is the hundred millions digit of 1714422954?
7
What is the ten millions digit of 308890169?
0
What is the hundred thousands digit of 6166251978?
2
What is the hundred thousands digit of 36626087?
6
What is the millions digit of 179300819?
9
What is the millions digit of 43658954?
3
What is the hundred thousands digit of 1313410897?
4
What is the hundreds digit of 5599976753?
7
What is the tens digit of 1214806173?
7
What is the hundreds digit of 1528075899?
8
What is the millions digit of 41060921?
1
What is the ten millions digit of 55550361?
5
What is the tens digit of 90368398?
9
What is the millions digit of 269032959?
9
What is the millions digit of 4124703286?
4
What is the hundred thousands digit of 6967100121?
1
What is the thousands digit of 1038526637?
6
What is the hundred millions digit of 354571607?
3
What is the hundreds digit of 17747617?
6
What is the hundred thousands digit of 307263075?
2
What is the millions digit of 44362858?
4
What is the millions digit of 1704366015?
4
What is the hundreds digit of 47505653?
6
What is the thousands digit of 8802242?
2
What is the tens digit of 823598977?
7
What is the units digit of 593697504?
4
What is the thousands digit of 36505126?
5
What is the hundreds digit of 746937696?
6
What is the units digit of 142174328?
8
What is the hundred millions digit of 157520120?
1
What is the ten thousands digit of 333367318?
6
What is the hundreds digit of 50574335?
3
What is the thousands digit of 234101262?
1
What is the hundred thousands digit of 2679019436?
0
What is the ten millions digit of 99432065?
9
What is the hundred millions digit of 375831059?
3
What is the ten millions digit of 40699965?
4
What is the millions digit of 86313732?
6
What is the ten millions digit of 3411351261?
1
What is the units digit of 6480310609?
9
What is the millions digit of 3771745063?
1
What is the hundreds digit of 635698700?
7
What is the thousands digit of 146531138?
1
What is the ten thousands digit of 929047594?
4
What is the millions digit of 246336066?
6
What is the hundreds digit of 791595428?
4
What is the hundred millions digit of 3644189437?
6
What is the millions digit of 14303151?
4
What is the hundreds digit of 1815553187?
1
What is the ten thousands digit of 1694303517?
0
What is the tens digit of 147089917?
1
What is the ten thousands digit of 3447458213?
5
What is the ten thousands digit of 662717066?
1
What is the units digit of 1348546739?
9
What is the millions digit of 225920862?
5
What is the ten thousands digit of 793809791?
0
What is the thousands digit of 167727109?
7
What is the hundred millions digit of 3792358452?
7
What is the thousands digit of 877611165?
1
What is the hundred thousands digit of 1116565105?
5
What is the hundreds digit of 17315642?
6
What is the thousands digit of 44973971?
3
What is the millions digit of 1370363152?
0
What is the ten millions digit of 93865305?
9
What is the hund